{"id":30,"date":"2022-05-24T16:20:37","date_gmt":"2022-05-24T16:20:37","guid":{"rendered":"http:\/\/www.auroratalo.fi\/?page_id=30"},"modified":"2026-04-05T05:11:30","modified_gmt":"2026-04-05T05:11:30","slug":"varauskalenteri","status":"publish","type":"page","link":"https:\/\/www.auroratalo.fi\/?page_id=30","title":{"rendered":"Varauskalenteri"},"content":{"rendered":"\n<p><br><a href=\"https:\/\/anyspace.timeworks.fi\/shop\/fi\/products\/6\" data-type=\"link\" data-id=\"https:\/\/anyspace.timeworks.fi\/shop\/fi\/products\/6\">L\u00f6yd\u00e4t tuntivarattavat tilat t\u00e4\u00e4lt\u00e4!<\/a><\/p>\n\n\n\n<figure class=\"wp-block-image size-large\"><img loading=\"lazy\" decoding=\"async\" width=\"1024\" height=\"576\" src=\"https:\/\/www.auroratalo.fi\/wp-content\/uploads\/2025\/05\/Auroratalo-1920x1080-1-1024x576.jpg\" alt=\"\" class=\"wp-image-1453\" srcset=\"https:\/\/www.auroratalo.fi\/wp-content\/uploads\/2025\/05\/Auroratalo-1920x1080-1-1024x576.jpg 1024w, https:\/\/www.auroratalo.fi\/wp-content\/uploads\/2025\/05\/Auroratalo-1920x1080-1-300x169.jpg 300w, https:\/\/www.auroratalo.fi\/wp-content\/uploads\/2025\/05\/Auroratalo-1920x1080-1-150x84.jpg 150w, https:\/\/www.auroratalo.fi\/wp-content\/uploads\/2025\/05\/Auroratalo-1920x1080-1-768x432.jpg 768w, https:\/\/www.auroratalo.fi\/wp-content\/uploads\/2025\/05\/Auroratalo-1920x1080-1-1536x864.jpg 1536w, https:\/\/www.auroratalo.fi\/wp-content\/uploads\/2025\/05\/Auroratalo-1920x1080-1-107x60.jpg 107w, https:\/\/www.auroratalo.fi\/wp-content\/uploads\/2025\/05\/Auroratalo-1920x1080-1.jpg 1920w\" sizes=\"auto, (max-width: 1024px) 100vw, 1024px\" \/><\/figure>\n\n\n\n<p><\/p>\n\n\n\n<p><\/p>\n","protected":false},"excerpt":{"rendered":"<p>L\u00f6yd\u00e4t tuntivarattavat tilat t\u00e4\u00e4lt\u00e4!<\/p>\n","protected":false},"author":1,"featured_media":0,"parent":0,"menu_order":0,"comment_status":"closed","ping_status":"closed","template":"","meta":{"footnotes":""},"class_list":["post-30","page","type-page","status-publish","hentry","latest_post"],"_links":{"self":[{"href":"https:\/\/www.auroratalo.fi\/index.php?rest_route=\/wp\/v2\/pages\/30","targetHints":{"allow":["GET"]}}],"collection":[{"href":"https:\/\/www.auroratalo.fi\/index.php?rest_route=\/wp\/v2\/pages"}],"about":[{"href":"https:\/\/www.auroratalo.fi\/index.php?rest_route=\/wp\/v2\/types\/page"}],"author":[{"embeddable":true,"href":"https:\/\/www.auroratalo.fi\/index.php?rest_route=\/wp\/v2\/users\/1"}],"replies":[{"embeddable":true,"href":"https:\/\/www.auroratalo.fi\/index.php?rest_route=%2Fwp%2Fv2%2Fcomments&post=30"}],"version-history":[{"count":30,"href":"https:\/\/www.auroratalo.fi\/index.php?rest_route=\/wp\/v2\/pages\/30\/revisions"}],"predecessor-version":[{"id":1830,"href":"https:\/\/www.auroratalo.fi\/index.php?rest_route=\/wp\/v2\/pages\/30\/revisions\/1830"}],"wp:attachment":[{"href":"https:\/\/www.auroratalo.fi\/index.php?rest_route=%2Fwp%2Fv2%2Fmedia&parent=30"}],"curies":[{"name":"wp","href":"https:\/\/api.w.org\/{rel}","templated":true}]}}