{"id":810,"date":"2023-03-01T16:12:57","date_gmt":"2023-03-01T16:12:57","guid":{"rendered":"https:\/\/www.auroratalo.fi\/?page_id=810"},"modified":"2025-05-06T12:45:53","modified_gmt":"2025-05-06T12:45:53","slug":"janne-outinen","status":"publish","type":"page","link":"https:\/\/www.auroratalo.fi\/?page_id=810","title":{"rendered":"Janne Outinen"},"content":{"rendered":"\n<p>Studio Move Up Dancen Janne Outinen ohjaa talossamme usein riemukkaita tanssitunteja, my\u00f6s senioreille!<\/p>\n\n\n\n<p><br>Janne on mukana talomme kev\u00e4\u00e4n avajaisissa sunnuntaina 26.5. Huom! Varsinaiset avajaiset ovat la 24.5.2025 <\/p>\n\n\n\n<p>T\u00e4ss\u00e4 ohjelma!<\/p>\n\n\n\n<p>Klo 11.45-12.15 lasten iloinen ja energinen tanssitunti. Maksuton.<br>Klo 12.30-13.30 Bailatino Senior<br>Klo 13.35-14.35 Lavis<br>Klo 15-16 Zumba<\/p>\n\n\n\n<p>10\u20ac\/ 1h<br>18\u20ac\/ 2h<br>25\u20ac\/ 3h<\/p>\n\n\n\n<p>janne@studiomoveup.fi<\/p>\n\n\n\n<p>Puh. 0400 873329<\/p>\n\n\n\n<p><a href=\"https:\/\/www.studiomoveup.fi\/\">www.studiomoveup.fi\/<\/a><\/p>\n\n\n\n<p><a href=\"https:\/\/www.instagram.com\/janne_moves\/\">https:\/\/www.instagram.com\/janne_moves\/<\/a><\/p>\n","protected":false},"excerpt":{"rendered":"<p>Studio Move Up Dancen Janne Outinen ohjaa talossamme usein riemukkaita tanssitunteja, my\u00f6s senioreille! Janne on mukana talomme kev\u00e4\u00e4n avajaisissa sunnuntaina 26.5. Huom! Varsinaiset avajaiset ovat la 24.5.2025 T\u00e4ss\u00e4 ohjelma! Klo 11.45-12.15 lasten iloinen ja energinen tanssitunti. Maksuton.Klo 12.30-13.30 Bailatino SeniorKlo 13.35-14.35 LavisKlo 15-16 Zumba 10\u20ac\/ 1h18\u20ac\/ 2h25\u20ac\/ 3h janne@studiomoveup.fi Puh. 0400 873329 www.studiomoveup.fi\/ https:\/\/www.instagram.com\/janne_moves\/<\/p>\n","protected":false},"author":1,"featured_media":788,"parent":0,"menu_order":0,"comment_status":"closed","ping_status":"closed","template":"","meta":{"footnotes":""},"class_list":["post-810","page","type-page","status-publish","has-post-thumbnail","hentry","latest_post"],"_links":{"self":[{"href":"https:\/\/www.auroratalo.fi\/index.php?rest_route=\/wp\/v2\/pages\/810","targetHints":{"allow":["GET"]}}],"collection":[{"href":"https:\/\/www.auroratalo.fi\/index.php?rest_route=\/wp\/v2\/pages"}],"about":[{"href":"https:\/\/www.auroratalo.fi\/index.php?rest_route=\/wp\/v2\/types\/page"}],"author":[{"embeddable":true,"href":"https:\/\/www.auroratalo.fi\/index.php?rest_route=\/wp\/v2\/users\/1"}],"replies":[{"embeddable":true,"href":"https:\/\/www.auroratalo.fi\/index.php?rest_route=%2Fwp%2Fv2%2Fcomments&post=810"}],"version-history":[{"count":5,"href":"https:\/\/www.auroratalo.fi\/index.php?rest_route=\/wp\/v2\/pages\/810\/revisions"}],"predecessor-version":[{"id":1466,"href":"https:\/\/www.auroratalo.fi\/index.php?rest_route=\/wp\/v2\/pages\/810\/revisions\/1466"}],"wp:featuredmedia":[{"embeddable":true,"href":"https:\/\/www.auroratalo.fi\/index.php?rest_route=\/wp\/v2\/media\/788"}],"wp:attachment":[{"href":"https:\/\/www.auroratalo.fi\/index.php?rest_route=%2Fwp%2Fv2%2Fmedia&parent=810"}],"curies":[{"name":"wp","href":"https:\/\/api.w.org\/{rel}","templated":true}]}}